Dec 03 02:43:57.560 INFO testing liquid-0.17.1 against master#8940af3cea4a9a9deabcaf843b2f8cad9a83fc61 for beta-1.31-5
Dec 03 02:43:57.561 INFO running `"docker" "create" "-v" "/mnt/big/crater/work/local/target-dirs/beta-1.31-5/worker-6/master#8940af3cea4a9a9deabcaf843b2f8cad9a83fc61:/target:rw,Z" "-v" "/mnt/big/crater/work/local/test-source/worker-6/beta-1.31-5/master#8940af3cea4a9a9deabcaf843b2f8cad9a83fc61:/source:ro,Z" "-v" "/mnt/big/crater/work/local/cargo-home:/cargo-home:ro,Z" "-v" "/mnt/big/crater/work/local/rustup-home:/rustup-home:ro,Z" "-e" "USER_ID=1000" "-e" "SOURCE_DIR=/source" "-e" "USER_ID=1000" "-e" "CMD=cargo +8940af3cea4a9a9deabcaf843b2f8cad9a83fc61-alt build --frozen" "-e" "CARGO_TARGET_DIR=/target" "-e" "CARGO_INCREMENTAL=0" "-e" "RUST_BACKTRACE=full" "-e" "RUSTFLAGS=--cap-lints=warn" "-e" "CARGO_HOME=/cargo-home" "-e" "RUSTUP_HOME=/rustup-home" "-m" "1536M" "--network" "none" "crater"`
Dec 03 02:43:57.751 INFO [stdout] a0d907253a36e63a6954a864c9e2efc0f0f5f5a15aeb765644883eebc325793c
Dec 03 02:43:57.758 INFO running `"docker" "start" "-a" "a0d907253a36e63a6954a864c9e2efc0f0f5f5a15aeb765644883eebc325793c"`
Dec 03 02:43:58.320 INFO [stderr] usermod: no changes
Dec 03 02:43:58.487 INFO [stderr]    Compiling liquid-error v0.16.1
Dec 03 02:43:59.433 INFO [stderr]    Compiling liquid-value v0.17.1
Dec 03 02:44:03.198 INFO [stderr]    Compiling liquid-interpreter v0.17.1
Dec 03 02:44:05.538 INFO [stderr]    Compiling liquid-compiler v0.17.1
Dec 03 02:44:09.038 INFO [stderr]    Compiling liquid v0.17.1 (/source)
Dec 03 02:44:14.263 INFO [stderr]     Finished dev [unoptimized + debuginfo] target(s) in 15.91s
Dec 03 02:44:14.268 INFO [stderr] su: No module specific data is present
Dec 03 02:44:14.731 INFO running `"docker" "inspect" "a0d907253a36e63a6954a864c9e2efc0f0f5f5a15aeb765644883eebc325793c"`
Dec 03 02:44:14.929 INFO running `"docker" "rm" "-f" "a0d907253a36e63a6954a864c9e2efc0f0f5f5a15aeb765644883eebc325793c"`
Dec 03 02:44:15.306 INFO [stdout] a0d907253a36e63a6954a864c9e2efc0f0f5f5a15aeb765644883eebc325793c
Dec 03 02:44:15.309 INFO running `"docker" "create" "-v" "/mnt/big/crater/work/local/target-dirs/beta-1.31-5/worker-6/master#8940af3cea4a9a9deabcaf843b2f8cad9a83fc61:/target:rw,Z" "-v" "/mnt/big/crater/work/local/test-source/worker-6/beta-1.31-5/master#8940af3cea4a9a9deabcaf843b2f8cad9a83fc61:/source:ro,Z" "-v" "/mnt/big/crater/work/local/cargo-home:/cargo-home:ro,Z" "-v" "/mnt/big/crater/work/local/rustup-home:/rustup-home:ro,Z" "-e" "USER_ID=1000" "-e" "SOURCE_DIR=/source" "-e" "USER_ID=1000" "-e" "CMD=cargo +8940af3cea4a9a9deabcaf843b2f8cad9a83fc61-alt test --frozen --no-run" "-e" "CARGO_TARGET_DIR=/target" "-e" "CARGO_INCREMENTAL=0" "-e" "RUST_BACKTRACE=full" "-e" "RUSTFLAGS=--cap-lints=warn" "-e" "CARGO_HOME=/cargo-home" "-e" "RUSTUP_HOME=/rustup-home" "-m" "1536M" "--network" "none" "crater"`
Dec 03 02:44:15.752 INFO [stdout] 8b660a339a11a771b96e03d4d8ebdab98b32d23dea029427d5881427a72fde1c
Dec 03 02:44:15.761 INFO running `"docker" "start" "-a" "8b660a339a11a771b96e03d4d8ebdab98b32d23dea029427d5881427a72fde1c"`
Dec 03 02:44:16.856 INFO [stderr] usermod: no changes
Dec 03 02:44:16.987 INFO [stderr]    Compiling serde_yaml v0.8.8
Dec 03 02:44:16.987 INFO [stderr]    Compiling docmatic v0.1.2
Dec 03 02:44:22.183 INFO [stderr]    Compiling liquid v0.17.1 (/source)
Dec 03 02:44:47.636 INFO [stderr]     Finished dev [unoptimized + debuginfo] target(s) in 30.77s
Dec 03 02:44:47.648 INFO [stderr] su: No module specific data is present
Dec 03 02:44:48.022 INFO running `"docker" "inspect" "8b660a339a11a771b96e03d4d8ebdab98b32d23dea029427d5881427a72fde1c"`
Dec 03 02:44:48.161 INFO running `"docker" "rm" "-f" "8b660a339a11a771b96e03d4d8ebdab98b32d23dea029427d5881427a72fde1c"`
Dec 03 02:44:48.299 INFO [stdout] 8b660a339a11a771b96e03d4d8ebdab98b32d23dea029427d5881427a72fde1c
Dec 03 02:44:48.300 INFO running `"docker" "create" "-v" "/mnt/big/crater/work/local/target-dirs/beta-1.31-5/worker-6/master#8940af3cea4a9a9deabcaf843b2f8cad9a83fc61:/target:rw,Z" "-v" "/mnt/big/crater/work/local/test-source/worker-6/beta-1.31-5/master#8940af3cea4a9a9deabcaf843b2f8cad9a83fc61:/source:ro,Z" "-v" "/mnt/big/crater/work/local/cargo-home:/cargo-home:ro,Z" "-v" "/mnt/big/crater/work/local/rustup-home:/rustup-home:ro,Z" "-e" "USER_ID=1000" "-e" "SOURCE_DIR=/source" "-e" "USER_ID=1000" "-e" "CMD=cargo +8940af3cea4a9a9deabcaf843b2f8cad9a83fc61-alt test --frozen" "-e" "CARGO_TARGET_DIR=/target" "-e" "CARGO_INCREMENTAL=0" "-e" "RUST_BACKTRACE=full" "-e" "RUSTFLAGS=--cap-lints=warn" "-e" "CARGO_HOME=/cargo-home" "-e" "RUSTUP_HOME=/rustup-home" "-m" "1536M" "--network" "none" "crater"`
Dec 03 02:44:48.513 INFO [stdout] 89c1d39f38766427b30ca2bc329ac5bb42427cc48ec3a8cf5e225ef4276f5012
Dec 03 02:44:48.515 INFO running `"docker" "start" "-a" "89c1d39f38766427b30ca2bc329ac5bb42427cc48ec3a8cf5e225ef4276f5012"`
Dec 03 02:44:49.155 INFO [stderr] usermod: no changes
Dec 03 02:44:49.275 INFO [stderr]     Finished dev [unoptimized + debuginfo] target(s) in 0.10s
Dec 03 02:44:49.282 INFO [stderr]      Running /target/debug/deps/liquid-746024a0d8defce7
Dec 03 02:44:49.285 INFO [stdout] 
Dec 03 02:44:49.285 INFO [stdout] running 193 tests
Dec 03 02:44:49.285 INFO [stdout] test filters::array::tests::unit_array_to_sentence_string_custom_connector ... ok
Dec 03 02:44:49.285 INFO [stdout] test filters::array::tests::unit_pop_empty ... ok
Dec 03 02:44:49.285 INFO [stdout] test filters::array::tests::unit_push ... ok
Dec 03 02:44:49.286 INFO [stdout] test filters::array::tests::unit_unshift ... ok
Dec 03 02:44:49.286 INFO [stdout] test filters::array::tests::unit_shift_empty ... ok
Dec 03 02:44:49.286 INFO [stdout] test filters::array::tests::unit_shift ... ok
Dec 03 02:44:49.286 INFO [stdout] test filters::date::tests::unit_date ... ok
Dec 03 02:44:49.286 INFO [stdout] test filters::date::tests::unit_date_bad_format_type ... ok
Dec 03 02:44:49.286 INFO [stdout] test filters::date::tests::unit_date_bad_input_format ... ok
Dec 03 02:44:49.286 INFO [stdout] test filters::date::tests::unit_date_bad_input_type ... ok
Dec 03 02:44:49.286 INFO [stdout] test filters::array::tests::unit_array_to_sentence_string_no_elements ... ok
Dec 03 02:44:49.286 INFO [stdout] test filters::array::tests::unit_array_to_sentence_string ... ok
Dec 03 02:44:49.286 INFO [stdout] test filters::array::tests::unit_array_to_sentence_string_one_element ... ok
Dec 03 02:44:49.286 INFO [stdout] test filters::array::tests::unit_array_to_sentence_string_two_elements ... ok
Dec 03 02:44:49.286 INFO [stdout] test filters::date::tests::unit_date_format_empty ... ok
Dec 03 02:44:49.286 INFO [stdout] test filters::date::tests::unit_date_extra_param ... ok
Dec 03 02:44:49.286 INFO [stdout] test filters::date::tests::unit_date_in_tz_input_not_a_string ... ok
Dec 03 02:44:49.291 INFO [stdout] test filters::date::tests::unit_date_cobalt_format ... ok
Dec 03 02:44:49.291 INFO [stdout] test filters::date::tests::unit_date_in_tz_input_not_a_date_string ... ok
Dec 03 02:44:49.291 INFO [stdout] test filters::date::tests::unit_date_in_tz_next_day ... ok
Dec 03 02:44:49.291 INFO [stdout] test filters::date::tests::unit_date_in_tz_zero_arguments ... ok
Dec 03 02:44:49.291 INFO [stdout] test filters::date::tests::unit_date_in_tz_one_argument ... ok
Dec 03 02:44:49.291 INFO [stdout] test filters::date::tests::unit_date_in_tz_offset_not_a_num ... ok
Dec 03 02:44:49.291 INFO [stdout] test filters::date::tests::unit_date_in_tz_previous_day ... ok
Dec 03 02:44:49.291 INFO [stdout] test filters::array::tests::unit_pop ... ok
Dec 03 02:44:49.292 INFO [stdout] test filters::html::tests::unit_newline_to_br ... ok
Dec 03 02:44:49.292 INFO [stdout] test filters::html::tests::unit_escape ... ok
Dec 03 02:44:49.292 INFO [stdout] test filters::date::tests::unit_date_in_tz_same_day ... ok
Dec 03 02:44:49.295 INFO [stdout] test filters::html::tests::unit_newline_to_br_hello_world ... ok
Dec 03 02:44:49.295 INFO [stdout] test filters::html::tests::unit_escape_once ... ok
Dec 03 02:44:49.295 INFO [stdout] test filters::math::tests::unit_abs_not_number_or_string ... ok
Dec 03 02:44:49.296 INFO [stdout] test filters::math::tests::unit_abs_one_argument ... ok
Dec 03 02:44:49.296 INFO [stdout] test filters::date::tests::unit_date_in_tz_three_arguments ... ok
Dec 03 02:44:49.296 INFO [stdout] test filters::html::tests::unit_newline_to_br_one_argument ... ok
Dec 03 02:44:49.296 INFO [stdout] test filters::math::tests::unit_abs_positive_in_string ... ok
Dec 03 02:44:49.296 INFO [stdout] test filters::math::tests::unit_minus ... ok
Dec 03 02:44:49.296 INFO [stdout] test filters::date::tests::unit_date_missing_format ... ok
Dec 03 02:44:49.296 INFO [stdout] test filters::math::tests::unit_abs_shopify_liquid ... ok
Dec 03 02:44:49.296 INFO [stdout] test filters::math::tests::unit_abs ... ok
Dec 03 02:44:49.296 INFO [stdout] test filters::math::tests::unit_at_least ... ok
Dec 03 02:44:49.296 INFO [stdout] test filters::math::tests::unit_divided_by ... ok
Dec 03 02:44:49.297 INFO [stdout] test filters::tests::unit_append ... ok
Dec 03 02:44:49.297 INFO [stdout] test filters::math::tests::unit_plus ... ok
Dec 03 02:44:49.297 INFO [stdout] test filters::math::tests::unit_times ... ok
Dec 03 02:44:49.297 INFO [stdout] test filters::tests::unit_ceil ... ok
Dec 03 02:44:49.297 INFO [stdout] test filters::tests::unit_capitalize ... ok
Dec 03 02:44:49.297 INFO [stdout] test filters::math::tests::unit_modulo ... ok
Dec 03 02:44:49.297 INFO [stdout] test filters::tests::unit_concat_extra_args ... ok
Dec 03 02:44:49.297 INFO [stdout] test filters::tests::unit_concat_nothing ... ok
Dec 03 02:44:49.297 INFO [stdout] test filters::tests::unit_concat_mixed ... ok
Dec 03 02:44:49.297 INFO [stdout] test filters::tests::unit_default ... ok
Dec 03 02:44:49.297 INFO [stdout] test filters::tests::unit_concat_wrong_type ... ok
Dec 03 02:44:49.297 INFO [stdout] test filters::tests::unit_downcase ... ok
Dec 03 02:44:49.298 INFO [stdout] test filters::tests::unit_floor ... ok
Dec 03 02:44:49.298 INFO [stdout] test filters::tests::unit_first ... ok
Dec 03 02:44:49.298 INFO [stdout] test filters::tests::unit_join ... ok
Dec 03 02:44:49.298 INFO [stdout] test filters::tests::unit_concat_no_args ... ok
Dec 03 02:44:49.298 INFO [stdout] test filters::tests::unit_concat_something ... ok
Dec 03 02:44:49.298 INFO [stdout] test filters::tests::unit_last ... ok
Dec 03 02:44:49.298 INFO [stdout] test filters::tests::unit_join_bad_join_string ... ok
Dec 03 02:44:49.298 INFO [stdout] test filters::tests::unit_join_no_args ... ok
Dec 03 02:44:49.298 INFO [stdout] test filters::tests::unit_join_non_string_element ... ok
Dec 03 02:44:49.298 INFO [stdout] test filters::tests::unit_join_bad_input ... ok
Dec 03 02:44:49.298 INFO [stdout] test filters::tests::unit_lstrip ... ok
Dec 03 02:44:49.298 INFO [stdout] test filters::tests::unit_lstrip_shopify_liquid ... ok
Dec 03 02:44:49.298 INFO [stdout] test filters::tests::unit_lstrip_non_string ... ok
Dec 03 02:44:49.298 INFO [stdout] test filters::tests::unit_pluralize ... ok
Dec 03 02:44:49.299 INFO [stdout] test filters::tests::unit_lstrip_trailing_sequence ... ok
Dec 03 02:44:49.299 INFO [stdout] test filters::tests::unit_prepend ... ok
Dec 03 02:44:49.299 INFO [stdout] test filters::tests::unit_remove ... ok
Dec 03 02:44:49.299 INFO [stdout] test filters::tests::unit_lstrip_one_argument ... ok
Dec 03 02:44:49.299 INFO [stdout] test filters::tests::unit_lstrip_trailing_sequence_only ... ok
Dec 03 02:44:49.299 INFO [stdout] test filters::math::tests::unit_at_most ... ok
Dec 03 02:44:49.299 INFO [stdout] test filters::tests::unit_replace ... ok
Dec 03 02:44:49.299 INFO [stdout] test filters::tests::unit_reverse_string ... ok
Dec 03 02:44:49.299 INFO [stdout] test filters::tests::unit_reverse_apples_oranges_peaches_plums ... ok
Dec 03 02:44:49.299 INFO [stdout] test filters::tests::unit_reverse_array ... ok
Dec 03 02:44:49.304 INFO [stdout] test filters::tests::unit_round_precision ... ok
Dec 03 02:44:49.304 INFO [stdout] test filters::tests::unit_rstrip ... ok
Dec 03 02:44:49.304 INFO [stdout] test filters::tests::unit_remove_first ... ok
Dec 03 02:44:49.304 INFO [stdout] test filters::tests::unit_reverse_array_extra_args ... ok
Dec 03 02:44:49.304 INFO [stdout] test filters::tests::unit_reverse_ground_control_major_tom ... ok
Dec 03 02:44:49.304 INFO [stdout] test filters::tests::unit_replace_first ... ok
Dec 03 02:44:49.304 INFO [stdout] test filters::tests::unit_rstrip_leading_sequence ... ok
Dec 03 02:44:49.305 INFO [stdout] test filters::tests::unit_rstrip_shopify_liquid ... ok
Dec 03 02:44:49.305 INFO [stdout] test filters::tests::unit_round ... ok
Dec 03 02:44:49.305 INFO [stdout] test filters::tests::unit_rstrip_leading_sequence_only ... ok
Dec 03 02:44:49.305 INFO [stdout] test filters::tests::unit_rstrip_non_string ... ok
Dec 03 02:44:49.305 INFO [stdout] test filters::tests::unit_size ... ok
Dec 03 02:44:49.305 INFO [stdout] test filters::tests::unit_rstrip_one_argument ... ok
Dec 03 02:44:49.305 INFO [stdout] test filters::tests::unit_sort_natural ... ok
Dec 03 02:44:49.305 INFO [stdout] test filters::tests::unit_strip_newlines ... ok
Dec 03 02:44:49.305 INFO [stdout] test filters::tests::unit_split_bad_split_string ... ok
Dec 03 02:44:49.305 INFO [stdout] test filters::tests::unit_split_no_args ... ok
Dec 03 02:44:49.305 INFO [stdout] test filters::tests::unit_strip ... ok
Dec 03 02:44:49.305 INFO [stdout] test filters::tests::unit_split ... ok
Dec 03 02:44:49.305 INFO [stdout] test filters::tests::unit_sort ... ok
Dec 03 02:44:49.305 INFO [stdout] test filters::tests::unit_strip_leading_sequence_only ... ok
Dec 03 02:44:49.306 INFO [stdout] test filters::tests::unit_strip_newlines_one_argument ... ok
Dec 03 02:44:49.306 INFO [stdout] test filters::tests::unit_strip_newlines_non_string ... ok
Dec 03 02:44:49.306 INFO [stdout] test filters::tests::unit_strip_newlines_shopify_liquid ... ok
Dec 03 02:44:49.306 INFO [stdout] test filters::tests::unit_strip_newlines_trailing_only ... ok
Dec 03 02:44:49.308 INFO [stdout] test filters::tests::unit_strip_non_string ... ok
Dec 03 02:44:49.308 INFO [stdout] test filters::tests::unit_strip_newlines_between_only ... ok
Dec 03 02:44:49.308 INFO [stdout] test filters::tests::unit_strip_newlines_leading_only ... ok
Dec 03 02:44:49.308 INFO [stdout] test filters::tests::unit_strip_one_argument ... ok
Dec 03 02:44:49.308 INFO [stdout] test filters::tests::unit_strip_trailing_sequence_only ... ok
Dec 03 02:44:49.308 INFO [stdout] test filters::tests::unit_strip_shopify_liquid ... ok
Dec 03 02:44:49.308 INFO [stdout] test filters::tests::unit_truncate_negative_length ... ok
Dec 03 02:44:49.308 INFO [stdout] test filters::tests::unit_truncate_non_string ... ok
Dec 03 02:44:49.308 INFO [stdout] test filters::tests::unit_truncate_three_arguments ... ok
Dec 03 02:44:49.308 INFO [stdout] test filters::tests::unit_truncate_unicode_codepoints_examples ... ok
Dec 03 02:44:49.308 INFO [stdout] test filters::tests::unit_truncate_shopify_liquid ... ok
Dec 03 02:44:49.308 INFO [stdout] test filters::tests::unit_truncatewords_truncate ... ok
Dec 03 02:44:49.309 INFO [stdout] test filters::tests::unit_truncatewords_negative_length ... ok
Dec 03 02:44:49.309 INFO [stdout] test filters::tests::unit_truncatewords_zero_length ... ok
Dec 03 02:44:49.309 INFO [stdout] test filters::tests::unit_truncatewords_no_truncation ... ok
Dec 03 02:44:49.309 INFO [stdout] test filters::tests::unit_truncate_zero_arguments ... ok
Dec 03 02:44:49.309 INFO [stdout] test filters::tests::unit_uniq ... ok
Dec 03 02:44:49.309 INFO [stdout] test filters::tests::unit_truncate ... ok
Dec 03 02:44:49.309 INFO [stdout] test filters::tests::unit_truncatewords_empty_string ... ok
Dec 03 02:44:49.309 INFO [stdout] test filters::tests::unit_upcase ... ok
Dec 03 02:44:49.310 INFO [stdout] test filters::url::tests::unit_url_decode ... ok
Dec 03 02:44:49.310 INFO [stdout] test filters::tests::unit_uniq_non_array ... ok
Dec 03 02:44:49.310 INFO [stdout] test filters::tests::unit_uniq_one_argument ... ok
Dec 03 02:44:49.310 INFO [stdout] test filters::tests::unit_uniq_shopify_liquid ... ok
Dec 03 02:44:49.310 INFO [stdout] test filters::url::tests::unit_url_encode ... ok
Dec 03 02:44:49.328 INFO [stdout] test filters::html::tests::unit_strip_html ... ok
Dec 03 02:44:49.333 INFO [stdout] test tags::capture_block::test::trailing_tokens_are_an_error ... ok
Dec 03 02:44:49.333 INFO [stdout] test tags::assign_tag::test::assign_array_indexing ... ok
Dec 03 02:44:49.335 INFO [stdout] test tags::assign_tag::test::assign_object_indexing ... ok
Dec 03 02:44:49.335 INFO [stdout] test tags::assign_tag::test::assign_in_loop_persists_on_loop_exit ... ok
Dec 03 02:44:49.335 INFO [stdout] test tags::capture_block::test::test_capture ... ok
Dec 03 02:44:49.335 INFO [stdout] test tags::cycle_tag::test::unnamed_cycle_gets_a_name ... ok
Dec 03 02:44:49.335 INFO [stdout] test tags::comment_block::test::test_comment ... ok
Dec 03 02:44:49.336 INFO [stdout] test tags::assign_tag::test::assign ... ok
Dec 03 02:44:49.336 INFO [stdout] test tags::case_block::test::test_no_matches_returns_empty_string ... ok
Dec 03 02:44:49.336 INFO [stdout] test tags::cycle_tag::test::values_are_cycled ... ok
Dec 03 02:44:49.340 INFO [stdout] test tags::cycle_tag::test::bad_cycle_indices_dont_crash ... ok
Dec 03 02:44:49.342 INFO [stdout] test tags::case_block::test::test_case_block ... ok
Dec 03 02:44:49.342 INFO [stdout] test tags::for_block::test::for_loop_parameters_with_variables ... ok
Dec 03 02:44:49.344 INFO [stdout] test tags::for_block::test::limit_greater_than_iterator_length ... ok
Dec 03 02:44:49.345 INFO [stdout] test tags::cycle_tag::test::values_can_be_variables ... ok
Dec 03 02:44:49.345 INFO [stdout] test tags::for_block::test::limited_loop ... ok
Dec 03 02:44:49.348 INFO [stdout] test tags::for_block::test::loop_over_range_literals ... ok
Dec 03 02:44:49.348 INFO [stdout] test tags::for_block::test::loop_variables ... ok
Dec 03 02:44:49.350 INFO [stdout] test tags::for_block::test::loop_over_range_vars ... ok
Dec 03 02:44:49.351 INFO [stdout] test tags::cycle_tag::test::named_values_are_independent ... ok
Dec 03 02:44:49.351 INFO [stdout] test tags::for_block::test::degenerate_range_is_safe ... ok
Dec 03 02:44:49.356 INFO [stdout] test tags::for_block::test::offset_and_limited_loop ... ok
Dec 03 02:44:49.356 INFO [stdout] test tags::case_block::test::multiple_else_blocks_is_an_error ... ok
Dec 03 02:44:49.359 INFO [stdout] test tags::for_block::test::offset_loop ... ok
Dec 03 02:44:49.362 INFO [stdout] test tags::for_block::test::loop_over_array ... ok
Dec 03 02:44:49.363 INFO [stdout] test tags::for_block::test::nested_forloops_with_else ... ok
Dec 03 02:44:49.363 INFO [stdout] test tags::for_block::test::empty_loop_invokes_else_template ... ok
Dec 03 02:44:49.363 INFO [stdout] test tags::for_block::test::reversed_loop ... ok
Dec 03 02:44:49.363 INFO [stdout] test tags::for_block::test::nested_forloops ... ok
Dec 03 02:44:49.365 INFO [stdout] test tags::for_block::test::tablerow_loop_parameters_with_variables ... ok
Dec 03 02:44:49.367 INFO [stdout] test tags::for_block::test::sliced_and_reversed_loop ... ok
Dec 03 02:44:49.367 INFO [stdout] test tags::for_block::test::use_filters ... ok
Dec 03 02:44:49.367 INFO [stdout] test tags::for_block::test::tablerow_without_cols ... ok
Dec 03 02:44:49.368 INFO [stdout] test tags::if_block::test::contains_with_array_and_no_match ... ok
Dec 03 02:44:49.368 INFO [stdout] test tags::for_block::test::tablerow_with_cols ... ok
Dec 03 02:44:49.371 INFO [stdout] test tags::for_block::test::tablerow_variables ... ok
Dec 03 02:44:49.371 INFO [stdout] test tags::if_block::test::contains_with_object_and_missing_key ... ok
Dec 03 02:44:49.376 INFO [stdout] test tags::if_block::test::contains_with_object_and_key ... ok
Dec 03 02:44:49.378 INFO [stdout] test tags::if_block::test::contains_with_array_and_match ... ok
Dec 03 02:44:49.383 INFO [stdout] test tags::if_block::test::multiple_conditions_and_or ... ok
Dec 03 02:44:49.405 INFO [stdout] test tags::if_block::test::multiple_conditions_and ... ok
Dec 03 02:44:49.405 INFO [stdout] test tags::if_block::test::implicit_comparison ... ok
Dec 03 02:44:49.405 INFO [stdout] test tags::if_block::test::nested_if_else ... ok
Dec 03 02:44:49.405 INFO [stdout] test tags::if_block::test::string_comparison ... ok
Dec 03 02:44:49.405 INFO [stdout] test tags::if_block::test::unless ... ok
Dec 03 02:44:49.405 INFO [stdout] test tags::if_block::test::multiple_conditions_or ... ok
Dec 03 02:44:49.405 INFO [stdout] test tags::if_block::test::multiple_elif_blocks ... ok
Dec 03 02:44:49.405 INFO [stdout] test tags::ifchanged_block::test::test_ifchanged_block ... ok
Dec 03 02:44:49.405 INFO [stdout] test tags::include_tag::test::include_non_string ... ok
Dec 03 02:44:49.405 INFO [stdout] test tags::include_tag::test::no_file ... ok
Dec 03 02:44:49.405 INFO [stdout] test tags::increment_tags::test::assign_and_increment ... ok
Dec 03 02:44:49.405 INFO [stdout] test tags::if_block::test::string_contains_with_variables ... ok
Dec 03 02:44:49.405 INFO [stdout] test tags::increment_tags::test::increment ... ok
Dec 03 02:44:49.405 INFO [stdout] test tags::increment_tags::test::increment_and_decrement ... ok
Dec 03 02:44:49.405 INFO [stdout] test tags::if_block::test::string_contains_with_literals ... ok
Dec 03 02:44:49.405 INFO [stdout] test tags::include_tag::test::include_tag_quotes ... ok
Dec 03 02:44:49.405 INFO [stdout] test tags::interrupt_tags::test::test_simple_break ... ok
Dec 03 02:44:49.405 INFO [stdout] test tags::increment_tags::test::decrement ... ok
Dec 03 02:44:49.405 INFO [stdout] test tags::raw_block::test::raw_mixed ... ok
Dec 03 02:44:49.405 INFO [stdout] test tags::raw_block::test::raw_text ... ok
Dec 03 02:44:49.405 INFO [stdout] test tags::interrupt_tags::test::test_nested_break ... ok
Dec 03 02:44:49.405 INFO [stdout] test tags::interrupt_tags::test::test_nested_continue ... ok
Dec 03 02:44:49.405 INFO [stdout] test tags::interrupt_tags::test::test_simple_continue ... ok
Dec 03 02:44:49.405 INFO [stdout] test tags::raw_block::test::raw_escaped ... ok
Dec 03 02:44:49.405 INFO [stdout] test tags::if_block::test::number_comparison ... ok
Dec 03 02:44:49.405 INFO [stdout] 
Dec 03 02:44:49.405 INFO [stdout] test result: ok. 193 passed; 0 failed; 0 ignored; 0 measured; 0 filtered out
Dec 03 02:44:49.405 INFO [stdout] 
Dec 03 02:44:49.405 INFO [stdout] 
Dec 03 02:44:49.405 INFO [stdout] running 38 tests
Dec 03 02:44:49.405 INFO [stderr]      Running /target/debug/deps/filters-dcb9d5bce154896d
Dec 03 02:44:49.437 INFO [stdout] test capitalize ... ok
Dec 03 02:44:49.438 INFO [stdout] test default_pass ... ok
Dec 03 02:44:49.447 INFO [stdout] test downcase ... ok
Dec 03 02:44:49.447 INFO [stdout] test default_use ... ok
Dec 03 02:44:49.448 INFO [stdout] test escape ... ok
Dec 03 02:44:49.448 INFO [stdout] test first_numeric_array ... ok
Dec 03 02:44:49.448 INFO [stdout] test first_string_array ... ok
Dec 03 02:44:49.453 INFO [stdout] test escape_once ... ok
Dec 03 02:44:49.453 INFO [stdout] test last_char ... ok
Dec 03 02:44:49.454 INFO [stdout] test last_numeric_array ... ok
Dec 03 02:44:49.454 INFO [stdout] test first_char ... ok
Dec 03 02:44:49.456 INFO [stdout] test append ... ok
Dec 03 02:44:49.456 INFO [stdout] test last_string_array ... ok
Dec 03 02:44:49.456 INFO [stdout] test minus_error ... ok
Dec 03 02:44:49.456 INFO [stdout] test minus ... ok
Dec 03 02:44:49.457 INFO [stdout] test plus ... ok
Dec 03 02:44:49.457 INFO [stdout] test prepend_constant ... ok
Dec 03 02:44:49.457 INFO [stdout] test prepend_variable ... ok
Dec 03 02:44:49.458 INFO [stdout] test pluralize_singular ... ok
Dec 03 02:44:49.458 INFO [stdout] test remove_first_variable ... ok
Dec 03 02:44:49.459 INFO [stdout] test remove ... ok
Dec 03 02:44:49.459 INFO [stdout] test replace_first ... ok
Dec 03 02:44:49.461 INFO [stdout] test pluralize_plural ... ok
Dec 03 02:44:49.461 INFO [stdout] test remove_first_constant ... ok
Dec 03 02:44:49.462 INFO [stdout] test pluralize_none ... ok
Dec 03 02:44:49.462 INFO [stdout] test slice_overflow ... ok
Dec 03 02:44:49.464 INFO [stdout] test slice_negative ... ok
Dec 03 02:44:49.465 INFO [stdout] test slice_empty ... ok
Dec 03 02:44:49.469 INFO [stdout] test split_then_join ... ok
Dec 03 02:44:49.469 INFO [stdout] test split_no_comma ... ok
Dec 03 02:44:49.470 INFO [stdout] test slice_one ... ok
Dec 03 02:44:49.470 INFO [stdout] test replace ... ok
Dec 03 02:44:49.471 INFO [stdout] test split_sort_join ... ok
Dec 03 02:44:49.473 INFO [stdout] test modulo ... ok
Dec 03 02:44:49.475 INFO [stdout] test upcase ... ok
Dec 03 02:44:49.477 INFO [stdout] test split_with_comma ... ok
Dec 03 02:44:49.477 INFO [stdout] test truncatewords ... ok
Dec 03 02:44:49.483 INFO [stdout] test strip_html ... ok
Dec 03 02:44:49.483 INFO [stdout] 
Dec 03 02:44:49.483 INFO [stdout] test result: ok. 38 passed; 0 failed; 0 ignored; 0 measured; 0 filtered out
Dec 03 02:44:49.483 INFO [stdout] 
Dec 03 02:44:49.486 INFO [stdout] 
Dec 03 02:44:49.486 INFO [stdout] running 4 tests
Dec 03 02:44:49.486 INFO [stderr]      Running /target/debug/deps/fixtures-1562a8b41b4eddc0
Dec 03 02:44:49.513 INFO [stdout] test include_with_context ... ok
Dec 03 02:44:49.513 INFO [stdout] test chained_filters ... ok
Dec 03 02:44:49.513 INFO [stdout] test example ... ok
Dec 03 02:44:49.518 INFO [stdout] test include ... ok
Dec 03 02:44:49.518 INFO [stdout] 
Dec 03 02:44:49.518 INFO [stdout] test result: ok. 4 passed; 0 failed; 0 ignored; 0 measured; 0 filtered out
Dec 03 02:44:49.518 INFO [stdout] 
Dec 03 02:44:49.518 INFO [stderr]      Running /target/debug/deps/multithreading-5908f8a0315e3ad7
Dec 03 02:44:49.524 INFO [stdout] 
Dec 03 02:44:49.524 INFO [stdout] running 1 test
Dec 03 02:44:49.559 INFO [stdout] test pass_between_threads ... ok
Dec 03 02:44:49.559 INFO [stdout] 
Dec 03 02:44:49.559 INFO [stdout] test result: ok. 1 passed; 0 failed; 0 ignored; 0 measured; 0 filtered out
Dec 03 02:44:49.559 INFO [stdout] 
Dec 03 02:44:49.560 INFO [stderr]      Running /target/debug/deps/parse_file-1dfb073055ae67aa
Dec 03 02:44:49.562 INFO [stdout] 
Dec 03 02:44:49.562 INFO [stdout] running 5 tests
Dec 03 02:44:49.571 INFO [stdout] test error_on_nonexistent_file ... ok
Dec 03 02:44:49.590 INFO [stdout] test include_with_context_by_file ... ok
Dec 03 02:44:49.593 INFO [stdout] test chained_filters_by_file ... ok
Dec 03 02:44:49.595 INFO [stdout] test example_by_file ... ok
Dec 03 02:44:49.595 INFO [stdout] test include_by_file ... ok
Dec 03 02:44:49.595 INFO [stdout] 
Dec 03 02:44:49.595 INFO [stdout] test result: ok. 5 passed; 0 failed; 0 ignored; 0 measured; 0 filtered out
Dec 03 02:44:49.595 INFO [stdout] 
Dec 03 02:44:49.600 INFO [stderr]      Running /target/debug/deps/skeptic-40c24b18481871f4
Dec 03 02:44:49.602 INFO [stdout] 
Dec 03 02:44:49.602 INFO [stdout] running 1 test
Dec 03 02:44:49.629 INFO [stdout] 
Dec 03 02:44:49.629 INFO [stdout] running 2 tests
Dec 03 02:44:50.752 INFO [stdout] test /source/README.md - liquid_rust::Usage (line 30) ... FAILED
Dec 03 02:44:50.753 INFO [stdout] test /source/README.md - liquid_rust::Usage (line 24) ... FAILED
Dec 03 02:44:50.753 INFO [stdout] 
Dec 03 02:44:50.753 INFO [stdout] failures:
Dec 03 02:44:50.753 INFO [stdout] 
Dec 03 02:44:50.753 INFO [stdout] ---- /source/README.md - liquid_rust::Usage (line 30) stdout ----
Dec 03 02:44:50.753 INFO [stdout] error[E0464]: multiple matching crates for `liquid`
Dec 03 02:44:50.753 INFO [stdout]  --> /source/README.md:30:1
Dec 03 02:44:50.753 INFO [stdout]   |
Dec 03 02:44:50.753 INFO [stdout] 2 | extern crate liquid;
Dec 03 02:44:50.753 INFO [stdout]   | ^^^^^^^^^^^^^^^^^^^^
Dec 03 02:44:50.754 INFO [stdout]   |
Dec 03 02:44:50.754 INFO [stdout]   = note: candidates:
Dec 03 02:44:50.754 INFO [stdout]           crate `liquid`: /target/debug/deps/libliquid-d6713b22e939cbf8.rlib
Dec 03 02:44:50.754 INFO [stdout]           crate `liquid`: /target/debug/deps/libliquid-21deef5c7e50833d.rlib
Dec 03 02:44:50.754 INFO [stdout]           crate `liquid`: /target/debug/deps/libliquid-8db54c9282e986a5.rlib
Dec 03 02:44:50.754 INFO [stdout]           crate `liquid`: /target/debug/deps/libliquid-64ee24f04ab3180d.rlib
Dec 03 02:44:50.754 INFO [stdout] 
Dec 03 02:44:50.754 INFO [stdout] error[E0463]: can't find crate for `liquid`
Dec 03 02:44:50.754 INFO [stdout]  --> /source/README.md:30:1
Dec 03 02:44:50.754 INFO [stdout]   |
Dec 03 02:44:50.754 INFO [stdout] 2 | extern crate liquid;
Dec 03 02:44:50.754 INFO [stdout]   | ^^^^^^^^^^^^^^^^^^^^ can't find crate
Dec 03 02:44:50.754 INFO [stdout] 
Dec 03 02:44:50.754 INFO [stdout] thread '/source/README.md - liquid_rust::Usage (line 30)' panicked at 'couldn't compile the test', librustdoc/test.rs:332:13
Dec 03 02:44:50.754 INFO [stdout] stack backtrace:
Dec 03 02:44:50.754 INFO [stdout]    0:     0x7f170785890f - std::sys::unix::backtrace::tracing::imp::unwind_backtrace::h3a8b83e1922cbdde
Dec 03 02:44:50.754 INFO [stdout]                                at libstd/sys/unix/backtrace/tracing/gcc_s.rs:49
Dec 03 02:44:50.754 INFO [stdout]    1:     0x7f170783d897 - std::sys_common::backtrace::print::h00d3155a29b4020f
Dec 03 02:44:50.754 INFO [stdout]                                at libstd/sys_common/backtrace.rs:71
Dec 03 02:44:50.754 INFO [stdout]                                at libstd/sys_common/backtrace.rs:59
Dec 03 02:44:50.754 INFO [stdout]    2:     0x7f1707863cef - std::panicking::default_hook::{{closure}}::hd7465c742e79e1bb
Dec 03 02:44:50.754 INFO [stdout]                                at libstd/panicking.rs:211
Dec 03 02:44:50.754 INFO [stdout]    3:     0x7f17078639ee - std::panicking::default_hook::h9e3966f2aa2a6e12
Dec 03 02:44:50.754 INFO [stdout]                                at libstd/panicking.rs:221
Dec 03 02:44:50.754 INFO [stdout]    4:     0x7f17099ee951 - rustc::util::common::panic_hook::h27965632b67fe74e
Dec 03 02:44:50.754 INFO [stdout]    5:     0x7f17078644e6 - std::panicking::rust_panic_with_hook::h587f091ae747d080
Dec 03 02:44:50.754 INFO [stdout]                                at libstd/panicking.rs:480
Dec 03 02:44:50.754 INFO [stdout]    6:     0x555c7d189b17 - std::panicking::begin_panic::hcef7ac517f7efe0f
Dec 03 02:44:50.754 INFO [stdout]                                at libstd/panicking.rs:410
Dec 03 02:44:50.754 INFO [stdout]    7:     0x555c7d31dcc7 - <rustdoc::test::Collector as rustdoc::test::Tester>::add_test::{{closure}}::{{closure}}::{{closure}}::h1a7d462b7674a13e
Dec 03 02:44:50.754 INFO [stdout]                                at librustdoc/test.rs:332
Dec 03 02:44:50.754 INFO [stdout]                                at librustdoc/test.rs:596
Dec 03 02:44:50.754 INFO [stdout]    8:     0x555c7d2d31f8 - <scoped_tls::ScopedKey<T>>::set::h9a299037e2efdd79
Dec 03 02:44:50.754 INFO [stdout]                                at /cargo/registry/src/github.com-1ecc6299db9ec823/scoped-tls-0.1.2/src/lib.rs:155
Dec 03 02:44:50.754 INFO [stdout]                                at libsyntax/lib.rs:106
Dec 03 02:44:50.754 INFO [stdout]                                at /cargo/registry/src/github.com-1ecc6299db9ec823/scoped-tls-0.1.2/src/lib.rs:155
Dec 03 02:44:50.754 INFO [stdout]    9:     0x555c7d0d7601 - syntax::with_globals::hc9a23e436a64729f
Dec 03 02:44:50.754 INFO [stdout]                                at libsyntax/lib.rs:105
Dec 03 02:44:50.754 INFO [stdout]   10:     0x555c7d189dbb - std::panicking::try::do_call::hd95e3a92339aa7c0
Dec 03 02:44:50.754 INFO [stdout]                                at librustdoc/test.rs:593
Dec 03 02:44:50.754 INFO [stdout]                                at libstd/panic.rs:313
Dec 03 02:44:50.754 INFO [stdout]                                at libstd/panicking.rs:310
Dec 03 02:44:50.754 INFO [stdout]   11:     0x7f1707871cd9 - __rust_maybe_catch_panic
Dec 03 02:44:50.754 INFO [stdout]                                at libpanic_unwind/lib.rs:102
Dec 03 02:44:50.754 INFO [stdout]   12:     0x555c7d1acf49 - rustc_driver::in_named_rustc_thread::h5d5326e5f9843b1f
Dec 03 02:44:50.754 INFO [stdout]                                at libstd/panicking.rs:289
Dec 03 02:44:50.754 INFO [stdout]                                at libstd/panic.rs:392
Dec 03 02:44:50.754 INFO [stdout]                                at librustc_driver/lib.rs:1546
Dec 03 02:44:50.754 INFO [stdout]   13:     0x555c7d2ebeb0 - <F as alloc::boxed::FnBox<A>>::call_box::h85b70bbf522f8d35
Dec 03 02:44:50.754 INFO [stdout]                                at librustdoc/test.rs:593
Dec 03 02:44:50.754 INFO [stdout]                                at liballoc/boxed.rs:672
Dec 03 02:44:50.754 INFO [stdout]   14:     0x7f1708ed3022 - <F as alloc::boxed::FnBox<A>>::call_box::h37f4bb882553d58c
Dec 03 02:44:50.754 INFO [stdout]                                at libtest/lib.rs:1461
Dec 03 02:44:50.754 INFO [stdout]                                at liballoc/boxed.rs:672
Dec 03 02:44:50.754 INFO [stdout]   15:     0x7f1707871cd9 - __rust_maybe_catch_panic
Dec 03 02:44:50.754 INFO [stdout]                                at libpanic_unwind/lib.rs:102
Dec 03 02:44:50.754 INFO [stdout]   16:     0x7f1708efb462 - std::sys_common::backtrace::__rust_begin_short_backtrace::hb8f0d0309526c184
Dec 03 02:44:50.754 INFO [stdout]                                at libstd/panicking.rs:289
Dec 03 02:44:50.754 INFO [stdout]                                at libstd/panic.rs:392
Dec 03 02:44:50.754 INFO [stdout]                                at libtest/lib.rs:1423
Dec 03 02:44:50.754 INFO [stdout]                                at libstd/sys_common/backtrace.rs:136
Dec 03 02:44:50.754 INFO [stdout]   17:     0x7f1708efc204 - std::panicking::try::do_call::hc2f7c8b9a348d8db
Dec 03 02:44:50.754 INFO [stdout]                                at libstd/thread/mod.rs:409
Dec 03 02:44:50.754 INFO [stdout]                                at libstd/panic.rs:313
Dec 03 02:44:50.754 INFO [stdout]                                at libstd/panicking.rs:310
Dec 03 02:44:50.754 INFO [stdout]   18:     0x7f1707871cd9 - __rust_maybe_catch_panic
Dec 03 02:44:50.754 INFO [stdout]                                at libpanic_unwind/lib.rs:102
Dec 03 02:44:50.754 INFO [stdout]   19:     0x7f1708ee494c - <F as alloc::boxed::FnBox<A>>::call_box::h6bfded618e480b32
Dec 03 02:44:50.754 INFO [stdout]                                at libstd/panicking.rs:289
Dec 03 02:44:50.754 INFO [stdout]                                at libstd/panic.rs:392
Dec 03 02:44:50.754 INFO [stdout]                                at libstd/thread/mod.rs:408
Dec 03 02:44:50.754 INFO [stdout]                                at liballoc/boxed.rs:672
Dec 03 02:44:50.754 INFO [stdout]   20:     0x7f170785ec9d - std::sys_common::thread::start_thread::h4c28257d67cdf9cb
Dec 03 02:44:50.754 INFO [stdout]                                at liballoc/boxed.rs:682
Dec 03 02:44:50.754 INFO [stdout]                                at libstd/sys_common/thread.rs:24
Dec 03 02:44:50.754 INFO [stdout]   21:     0x7f17078344d5 - std::sys::unix::thread::Thread::new::thread_start::hfecb2e7eff8fd34f
Dec 03 02:44:50.754 INFO [stdout]                                at libstd/sys/unix/thread.rs:90
Dec 03 02:44:50.754 INFO [stdout]   22:     0x7f17073c06b9 - start_thread
Dec 03 02:44:50.754 INFO [stdout]   23:     0x7f1706ee041c - clone
Dec 03 02:44:50.754 INFO [stdout]   24:                0x0 - <unknown>
Dec 03 02:44:50.754 INFO [stdout] query stack during panic:
Dec 03 02:44:50.754 INFO [stdout] end of query stack
Dec 03 02:44:50.754 INFO [stdout] 
Dec 03 02:44:50.754 INFO [stdout] ---- /source/README.md - liquid_rust::Usage (line 24) stdout ----
Dec 03 02:44:50.754 INFO [stdout] error[E0464]: multiple matching crates for `liquid`
Dec 03 02:44:50.754 INFO [stdout]  --> /source/README.md:24:1
Dec 03 02:44:50.754 INFO [stdout]   |
Dec 03 02:44:50.754 INFO [stdout] 2 | extern crate liquid;
Dec 03 02:44:50.754 INFO [stdout]   | ^^^^^^^^^^^^^^^^^^^^
Dec 03 02:44:50.754 INFO [stdout]   |
Dec 03 02:44:50.754 INFO [stdout]   = note: candidates:
Dec 03 02:44:50.754 INFO [stdout]           crate `liquid`: /target/debug/deps/libliquid-d6713b22e939cbf8.rlib
Dec 03 02:44:50.755 INFO [stdout]           crate `liquid`: /target/debug/deps/libliquid-21deef5c7e50833d.rlib
Dec 03 02:44:50.755 INFO [stdout]           crate `liquid`: /target/debug/deps/libliquid-8db54c9282e986a5.rlib
Dec 03 02:44:50.755 INFO [stdout]           crate `liquid`: /target/debug/deps/libliquid-64ee24f04ab3180d.rlib
Dec 03 02:44:50.755 INFO [stdout] 
Dec 03 02:44:50.755 INFO [stdout] error[E0463]: can't find crate for `liquid`
Dec 03 02:44:50.755 INFO [stdout]  --> /source/README.md:24:1
Dec 03 02:44:50.755 INFO [stdout]   |
Dec 03 02:44:50.755 INFO [stdout] 2 | extern crate liquid;
Dec 03 02:44:50.755 INFO [stdout]   | ^^^^^^^^^^^^^^^^^^^^ can't find crate
Dec 03 02:44:50.755 INFO [stdout] 
Dec 03 02:44:50.755 INFO [stdout] thread '/source/README.md - liquid_rust::Usage (line 24)' panicked at 'couldn't compile the test', librustdoc/test.rs:332:13
Dec 03 02:44:50.755 INFO [stdout] stack backtrace:
Dec 03 02:44:50.755 INFO [stdout]    0:     0x7f170785890f - std::sys::unix::backtrace::tracing::imp::unwind_backtrace::h3a8b83e1922cbdde
Dec 03 02:44:50.755 INFO [stdout]                                at libstd/sys/unix/backtrace/tracing/gcc_s.rs:49
Dec 03 02:44:50.755 INFO [stdout]    1:     0x7f170783d897 - std::sys_common::backtrace::print::h00d3155a29b4020f
Dec 03 02:44:50.755 INFO [stdout]                                at libstd/sys_common/backtrace.rs:71
Dec 03 02:44:50.755 INFO [stdout]                                at libstd/sys_common/backtrace.rs:59
Dec 03 02:44:50.755 INFO [stdout]    2:     0x7f1707863cef - std::panicking::default_hook::{{closure}}::hd7465c742e79e1bb
Dec 03 02:44:50.755 INFO [stdout]                                at libstd/panicking.rs:211
Dec 03 02:44:50.755 INFO [stdout]    3:     0x7f17078639ee - std::panicking::default_hook::h9e3966f2aa2a6e12
Dec 03 02:44:50.755 INFO [stdout]                                at libstd/panicking.rs:221
Dec 03 02:44:50.755 INFO [stdout]    4:     0x7f17099ee951 - rustc::util::common::panic_hook::h27965632b67fe74e
Dec 03 02:44:50.755 INFO [stdout]    5:     0x7f17078644e6 - std::panicking::rust_panic_with_hook::h587f091ae747d080
Dec 03 02:44:50.755 INFO [stdout]                                at libstd/panicking.rs:480
Dec 03 02:44:50.755 INFO [stdout]    6:     0x555c7d189b17 - std::panicking::begin_panic::hcef7ac517f7efe0f
Dec 03 02:44:50.755 INFO [stdout]                                at libstd/panicking.rs:410
Dec 03 02:44:50.755 INFO [stdout]    7:     0x555c7d31dcc7 - <rustdoc::test::Collector as rustdoc::test::Tester>::add_test::{{closure}}::{{closure}}::{{closure}}::h1a7d462b7674a13e
Dec 03 02:44:50.755 INFO [stdout]                                at librustdoc/test.rs:332
Dec 03 02:44:50.755 INFO [stdout]                                at librustdoc/test.rs:596
Dec 03 02:44:50.755 INFO [stdout]    8:     0x555c7d2d31f8 - <scoped_tls::ScopedKey<T>>::set::h9a299037e2efdd79
Dec 03 02:44:50.755 INFO [stdout]                                at /cargo/registry/src/github.com-1ecc6299db9ec823/scoped-tls-0.1.2/src/lib.rs:155
Dec 03 02:44:50.755 INFO [stdout]                                at libsyntax/lib.rs:106
Dec 03 02:44:50.755 INFO [stdout]                                at /cargo/registry/src/github.com-1ecc6299db9ec823/scoped-tls-0.1.2/src/lib.rs:155
Dec 03 02:44:50.755 INFO [stdout]    9:     0x555c7d0d7601 - syntax::with_globals::hc9a23e436a64729f
Dec 03 02:44:50.755 INFO [stdout]                                at libsyntax/lib.rs:105
Dec 03 02:44:50.755 INFO [stdout]   10:     0x555c7d189dbb - std::panicking::try::do_call::hd95e3a92339aa7c0
Dec 03 02:44:50.755 INFO [stdout]                                at librustdoc/test.rs:593
Dec 03 02:44:50.755 INFO [stdout]                                at libstd/panic.rs:313
Dec 03 02:44:50.755 INFO [stdout]                                at libstd/panicking.rs:310
Dec 03 02:44:50.755 INFO [stdout]   11:     0x7f1707871cd9 - __rust_maybe_catch_panic
Dec 03 02:44:50.755 INFO [stdout]                                at libpanic_unwind/lib.rs:102
Dec 03 02:44:50.755 INFO [stdout]   12:     0x555c7d1acf49 - rustc_driver::in_named_rustc_thread::h5d5326e5f9843b1f
Dec 03 02:44:50.755 INFO [stdout]                                at libstd/panicking.rs:289
Dec 03 02:44:50.755 INFO [stdout]                                at libstd/panic.rs:392
Dec 03 02:44:50.755 INFO [stdout]                                at librustc_driver/lib.rs:1546
Dec 03 02:44:50.755 INFO [stdout]   13:     0x555c7d2ebeb0 - <F as alloc::boxed::FnBox<A>>::call_box::h85b70bbf522f8d35
Dec 03 02:44:50.755 INFO [stdout]                                at librustdoc/test.rs:593
Dec 03 02:44:50.755 INFO [stdout]                                at liballoc/boxed.rs:672
Dec 03 02:44:50.755 INFO [stdout]   14:     0x7f1708ed3022 - <F as alloc::boxed::FnBox<A>>::call_box::h37f4bb882553d58c
Dec 03 02:44:50.755 INFO [stdout]                                at libtest/lib.rs:1461
Dec 03 02:44:50.755 INFO [stdout]                                at liballoc/boxed.rs:672
Dec 03 02:44:50.755 INFO [stdout]   15:     0x7f1707871cd9 - __rust_maybe_catch_panic
Dec 03 02:44:50.755 INFO [stdout]                                at libpanic_unwind/lib.rs:102
Dec 03 02:44:50.755 INFO [stdout]   16:     0x7f1708efb462 - std::sys_common::backtrace::__rust_begin_short_backtrace::hb8f0d0309526c184
Dec 03 02:44:50.755 INFO [stdout]                                at libstd/panicking.rs:289
Dec 03 02:44:50.755 INFO [stdout]                                at libstd/panic.rs:392
Dec 03 02:44:50.755 INFO [stdout]                                at libtest/lib.rs:1423
Dec 03 02:44:50.755 INFO [stdout]                                at libstd/sys_common/backtrace.rs:136
Dec 03 02:44:50.755 INFO [stdout]   17:     0x7f1708efc204 - std::panicking::try::do_call::hc2f7c8b9a348d8db
Dec 03 02:44:50.755 INFO [stdout]                                at libstd/thread/mod.rs:409
Dec 03 02:44:50.755 INFO [stdout]                                at libstd/panic.rs:313
Dec 03 02:44:50.755 INFO [stdout]                                at libstd/panicking.rs:310
Dec 03 02:44:50.755 INFO [stdout]   18:     0x7f1707871cd9 - __rust_maybe_catch_panic
Dec 03 02:44:50.755 INFO [stdout]                                at libpanic_unwind/lib.rs:102
Dec 03 02:44:50.755 INFO [stdout]   19:     0x7f1708ee494c - <F as alloc::boxed::FnBox<A>>::call_box::h6bfded618e480b32
Dec 03 02:44:50.755 INFO [stdout]                                at libstd/panicking.rs:289
Dec 03 02:44:50.755 INFO [stdout]                                at libstd/panic.rs:392
Dec 03 02:44:50.755 INFO [stdout]                                at libstd/thread/mod.rs:408
Dec 03 02:44:50.755 INFO [stdout]                                at liballoc/boxed.rs:672
Dec 03 02:44:50.755 INFO [stdout]   20:     0x7f170785ec9d - std::sys_common::thread::start_thread::h4c28257d67cdf9cb
Dec 03 02:44:50.755 INFO [stdout]                                at liballoc/boxed.rs:682
Dec 03 02:44:50.755 INFO [stdout]                                at libstd/sys_common/thread.rs:24
Dec 03 02:44:50.755 INFO [stdout]   21:     0x7f17078344d5 - std::sys::unix::thread::Thread::new::thread_start::hfecb2e7eff8fd34f
Dec 03 02:44:50.755 INFO [stdout]                                at libstd/sys/unix/thread.rs:90
Dec 03 02:44:50.755 INFO [stdout]   22:     0x7f17073c06b9 - start_thread
Dec 03 02:44:50.755 INFO [stdout]   23:     0x7f1706ee041c - clone
Dec 03 02:44:50.755 INFO [stdout]   24:                0x0 - <unknown>
Dec 03 02:44:50.755 INFO [stdout] query stack during panic:
Dec 03 02:44:50.755 INFO [stdout] end of query stack
Dec 03 02:44:50.755 INFO [stdout] 
Dec 03 02:44:50.755 INFO [stdout] 
Dec 03 02:44:50.755 INFO [stdout] failures:
Dec 03 02:44:50.755 INFO [stdout]     /source/README.md - liquid_rust::Usage (line 24)
Dec 03 02:44:50.755 INFO [stdout]     /source/README.md - liquid_rust::Usage (line 30)
Dec 03 02:44:50.755 INFO [stdout] 
Dec 03 02:44:50.755 INFO [stdout] test result: FAILED. 0 passed; 2 failed; 0 ignored; 0 measured; 0 filtered out
Dec 03 02:44:50.755 INFO [stdout] 
Dec 03 02:44:50.786 INFO [stdout] test readme_test ... FAILED
Dec 03 02:44:50.786 INFO [stdout] 
Dec 03 02:44:50.786 INFO [stdout] failures:
Dec 03 02:44:50.786 INFO [stdout] 
Dec 03 02:44:50.786 INFO [stdout] ---- readme_test stdout ----
Dec 03 02:44:50.786 INFO [stdout] thread 'readme_test' panicked at 'Failed to run rustdoc tests on '"/source/README.md"'', /cargo-home/registry/src/github.com-1ecc6299db9ec823/docmatic-0.1.2/src/lib.rs:97:9
Dec 03 02:44:50.786 INFO [stdout] stack backtrace:
Dec 03 02:44:50.786 INFO [stdout]    0:     0x560090d8c19f - std::sys::unix::backtrace::tracing::imp::unwind_backtrace::h3a8b83e1922cbdde
Dec 03 02:44:50.786 INFO [stdout]                                at libstd/sys/unix/backtrace/tracing/gcc_s.rs:49
Dec 03 02:44:50.786 INFO [stdout]    1:     0x560090d98637 - std::sys_common::backtrace::print::h00d3155a29b4020f
Dec 03 02:44:50.786 INFO [stdout]                                at libstd/sys_common/backtrace.rs:71
Dec 03 02:44:50.786 INFO [stdout]                                at libstd/sys_common/backtrace.rs:59
Dec 03 02:44:50.786 INFO [stdout]    2:     0x560090d90f4f - std::panicking::default_hook::{{closure}}::hd7465c742e79e1bb
Dec 03 02:44:50.786 INFO [stdout]                                at libstd/panicking.rs:211
Dec 03 02:44:50.786 INFO [stdout]    3:     0x560090d90c4e - std::panicking::default_hook::h9e3966f2aa2a6e12
Dec 03 02:44:50.786 INFO [stdout]                                at libstd/panicking.rs:221
Dec 03 02:44:50.786 INFO [stdout]    4:     0x560090d9162e - std::panicking::rust_panic_with_hook::h587f091ae747d080
Dec 03 02:44:50.786 INFO [stdout]                                at libstd/panicking.rs:476
Dec 03 02:44:50.786 INFO [stdout]    5:     0x560090cfa063 - std::panicking::begin_panic::hf0307306ddf0e453
Dec 03 02:44:50.786 INFO [stdout]                                at libstd/panicking.rs:410
Dec 03 02:44:50.786 INFO [stdout]    6:     0x560090cf9faf - docmatic::Assert::test_file::h8a0f8043b60f5277
Dec 03 02:44:50.786 INFO [stdout]                                at /source/<::std::macros::panic macros>:3
Dec 03 02:44:50.786 INFO [stdout]    7:     0x560090cf9cdb - docmatic::assert_file::h6dad363efc6ae073
Dec 03 02:44:50.786 INFO [stdout]                                at /cargo-home/registry/src/github.com-1ecc6299db9ec823/docmatic-0.1.2/src/lib.rs:125
Dec 03 02:44:50.786 INFO [stdout]    8:     0x560090cfa647 - skeptic::readme_test::h46dd4951ca17c3ad
Dec 03 02:44:50.786 INFO [stdout]                                at tests/skeptic.rs:9
Dec 03 02:44:50.786 INFO [stdout]    9:     0x560090cfa459 - skeptic::readme_test::{{closure}}::h66f7f9ccd227f60e
Dec 03 02:44:50.786 INFO [stdout]                                at tests/skeptic.rs:4
Dec 03 02:44:50.786 INFO [stdout]   10:     0x560090cf90ed - core::ops::function::FnOnce::call_once::h264d3146f3035e43
Dec 03 02:44:50.786 INFO [stdout]                                at libcore/ops/function.rs:238
Dec 03 02:44:50.786 INFO [stdout]   11:     0x560090cfca6e - <F as alloc::boxed::FnBox<A>>::call_box::hac903f91577a156c
Dec 03 02:44:50.786 INFO [stdout]                                at libtest/lib.rs:1468
Dec 03 02:44:50.786 INFO [stdout]                                at libcore/ops/function.rs:238
Dec 03 02:44:50.786 INFO [stdout]                                at liballoc/boxed.rs:672
Dec 03 02:44:50.786 INFO [stdout]   12:     0x560090da35e9 - __rust_maybe_catch_panic
Dec 03 02:44:50.786 INFO [stdout]                                at libpanic_unwind/lib.rs:102
Dec 03 02:44:50.786 INFO [stdout]   13:     0x560090d1e6c2 - std::sys_common::backtrace::__rust_begin_short_backtrace::hb8f0d0309526c184
Dec 03 02:44:50.786 INFO [stdout]                                at libstd/panicking.rs:289
Dec 03 02:44:50.786 INFO [stdout]                                at libstd/panic.rs:392
Dec 03 02:44:50.786 INFO [stdout]                                at libtest/lib.rs:1423
Dec 03 02:44:50.786 INFO [stdout]                                at libstd/sys_common/backtrace.rs:136
Dec 03 02:44:50.786 INFO [stdout]   14:     0x560090d1f174 - std::panicking::try::do_call::hc2f7c8b9a348d8db
Dec 03 02:44:50.786 INFO [stdout]                                at libstd/thread/mod.rs:409
Dec 03 02:44:50.786 INFO [stdout]                                at libstd/panic.rs:313
Dec 03 02:44:50.786 INFO [stdout]                                at libstd/panicking.rs:310
Dec 03 02:44:50.786 INFO [stdout]   15:     0x560090da35e9 - __rust_maybe_catch_panic
Dec 03 02:44:50.786 INFO [stdout]                                at libpanic_unwind/lib.rs:102
Dec 03 02:44:50.786 INFO [stdout]   16:     0x560090d0c3ac - <F as alloc::boxed::FnBox<A>>::call_box::h6bfded618e480b32
Dec 03 02:44:50.786 INFO [stdout]                                at libstd/panicking.rs:289
Dec 03 02:44:50.786 INFO [stdout]                                at libstd/panic.rs:392
Dec 03 02:44:50.786 INFO [stdout]                                at libstd/thread/mod.rs:408
Dec 03 02:44:50.786 INFO [stdout]                                at liballoc/boxed.rs:672
Dec 03 02:44:50.786 INFO [stdout]   17:     0x560090d8e34d - std::sys_common::thread::start_thread::h4c28257d67cdf9cb
Dec 03 02:44:50.786 INFO [stdout]                                at liballoc/boxed.rs:682
Dec 03 02:44:50.786 INFO [stdout]                                at libstd/sys_common/thread.rs:24
Dec 03 02:44:50.786 INFO [stdout]   18:     0x560090d816e5 - std::sys::unix::thread::Thread::new::thread_start::hfecb2e7eff8fd34f
Dec 03 02:44:50.786 INFO [stdout]                                at libstd/sys/unix/thread.rs:90
Dec 03 02:44:50.786 INFO [stdout]   19:     0x7f26f636a6b9 - start_thread
Dec 03 02:44:50.786 INFO [stdout]   20:     0x7f26f5e8a41c - clone
Dec 03 02:44:50.786 INFO [stdout]   21:                0x0 - <unknown>
Dec 03 02:44:50.786 INFO [stdout] 
Dec 03 02:44:50.786 INFO [stdout] 
Dec 03 02:44:50.786 INFO [stdout] failures:
Dec 03 02:44:50.787 INFO [stdout]     readme_test
Dec 03 02:44:50.787 INFO [stdout] 
Dec 03 02:44:50.787 INFO [stdout] test result: FAILED. 0 passed; 1 failed; 0 ignored; 0 measured; 0 filtered out
Dec 03 02:44:50.787 INFO [stdout] 
Dec 03 02:44:50.792 INFO [stderr] error: test failed, to rerun pass '--test skeptic'
Dec 03 02:44:50.793 INFO [stderr] su: No module specific data is present
Dec 03 02:44:51.084 INFO running `"docker" "inspect" "89c1d39f38766427b30ca2bc329ac5bb42427cc48ec3a8cf5e225ef4276f5012"`
Dec 03 02:44:51.199 INFO running `"docker" "rm" "-f" "89c1d39f38766427b30ca2bc329ac5bb42427cc48ec3a8cf5e225ef4276f5012"`
Dec 03 02:44:51.367 INFO [stdout] 89c1d39f38766427b30ca2bc329ac5bb42427cc48ec3a8cf5e225ef4276f5012
